15) in base 9?
11
What is 7 (base 13) in base 14?
7
Convert 111 (base 3) to base 14.
d
Convert 2f (base 16) to base 13.
38
-66 (base 10) to base 14
-4a
-5 (base 14) to base 3
-12
Convert 0 (base 2) to base 8.
0
What is 2 (base 9) in base 8?
2
Convert 1 (base 4) to base 16.
1
Convert 121 (base 5) to base 10.
36
What is 11 (base 3) in base 8?
4
What is -30 (base 4) in base 3?
-110
What is -1000 (base 3) in base 11?
-25
-e9 (base 16) to base 2
-11101001
-38 (base 10) to base 7
-53
-32 (base 10) to base 7
-44
Convert -103 (base 7) to base 13.
-40
What is -1320 (base 4) in base 11?
-aa
Convert -12 (base 14) to base 6.
-24
What is 0 (base 15) in base 6?
0
Convert 71 (base 11) to base 12.
66
Convert -311 (base 7) to base 3.
-12202
What is -4 (base 12) in base 14?
-4
Convert 100112 (base 3) to base 13.
16a
What is 11 (base 11) in base 6?
20
-3 (base 15) to base 3
-10
13 (base 5) to base 2
1000
-141 (base 6) to base 7
-115
What is 11101 (base 3) in base 13?
91
-54 (base 12) to base 2
-1000000
Convert 2 (base 13) to base 11.
2
Convert -7 (base 13) to base 5.
-12
Convert 3 (base 4) to base 15.
3
-1 (base 16) to base 7
-1
What is 58 (base 16) in base 10?
88
Convert -1 (base 12) to base 5.
-1
-1032 (base 4) to base 11
-71
Convert -37 (base 8) to base 12.
-27
Convert -d (base 15) to base 10.
-13
Convert -4 (base 13) to base 16.
-4
Convert 21 (base 4) to base 7.
12
Convert -10 (base 13) to base 14.
-d
Convert 3 (base 16) to base 2.
11
4 (base 9) to base 8
4
2 (base 10) to base 13
2
Convert -2 (base 12) to base 13.
-2
5 (base 8) to base 5
10
What is -2 (base 15) in base 2?
-10
What is -240 (base 8) in base 9?
-187
14 (base 9) to base 7
16
-1 (base 12) to base 3
-1
Convert 10100 (base 2) to base 7.
26
-5 (base 13) to base 9
-5
What is 7 (base 13) in base 9?
7
Convert -18 (base 9) to base 4.
-101
0 (base 12) to base 11
0
-58 (base 14) to base 8
-116
-12 (base 3) to base 15
-5
What is 7 (base 13) in base 5?
12
-18 (base 10) to base 3
-200
What is -1 (base 10) in base 7?
-1
What is 3 (base 14) in base 10?
3
What is 1133 (base 4) in base 8?
137
3 (base 8) to base 5
3
What is -2 (base 12) in base 16?
-2
1 (base 15) to base 16
1
22 (base 9) to base 5
40
1 (base 5) to base 14
1
Convert 1220 (base 4) to base 13.
80
Convert 225 (base 7) to base 9.
140
What is -221 (base 3) in base 6?
-41
Convert -2 (base 9) to base 8.
-2
What is 1401 (base 5) in base 12?
16a
Convert -10 (base 3) to base 10.
-3
1000 (base 2) to base 6
12
Convert a (base 14) to base 12.
a
110 (base 2) to base 5
11
Convert 26 (base 12) to base 3.
1010
What is -100 (base 6) in base 12?
-30
52 (base 9) to base 10
47
Convert 1 (base 9) to base 13.
1
What is a7 (base 12) in base 16?
7f
-1003 (base 4) to base 9
-74
What is 5 (base 16) in base 10?
5
78 (base 16) to base 3
11110
What is -3 (base 15) in base 6?
-3
Convert -4 (base 10) to base 9.
-4
Convert 110 (base 2) to base 3.
20
What is -24 (base 7) in base 6?
-30
-6 (base 7) to base 14
-6
What is -3 (base 14) in base 10?
-3
4 (base 15) to base 13
4
What is 27 (base 8) in base 11?
21
What is 4 (base 14) in base 2?
100
Convert 8 (base 16) to base 2.
1000
Convert 52 (base 9) to base 7.
65
Convert 0 (base 8) to base 7.
0
22 (base 3) to base 10
8
Convert -213 (base 4) to base 9.
-43
Convert 1101010 (base 2) to base 9.
127
Convert -314 (base 5) to base 7.
-150
-11d (base 15) to base 4
-3331
-27 (base 10) to base 9
-30
6 (base 12) to base 8
6
231 (base 5) to base 12
56
Convert 6 (base 12) to base 10.
6
Convert -21 (base 8) to base 15.
-12
12 (base 11) to base 7
16
What is -7 (base 15) in base 13?
-7
What is -11 (base 6) in base 3?
-21
1 (base 15) to base 2
1
What is 1 (base 10) in base 8?
1
What is 10010 (base 2) in base 16?
12
Convert -2 (base 5) to base 14.
-2
2 (base 7) to base 12
2
What is -7 (base 9) in base 13?
-7
What is 113 (base 8) in base 7?
135
What is -2 (base 8) in base 9?
-2
-63 (base 13) to base 4
-1101
What is 13 (base 8) in base 5?
21
-68 (base 10) to base 3
-2112
Convert 6 (base 9) to base 11.
6
Convert 19 (base 12) to base 8.
25
5 (base 7) to base 3
12
What is 113 (base 4) in base 10?
23
What is -1212 (base 3) in base 13?
-3b
-3 (base 6) to base 15
-3
What is 4b (base 15) in base 11?
65
Convert 1 (base 2) to base 13.
1
-13 (base 11) to base 14
-10
2 (base 13) to base 15
2
Convert a0 (base 11) to base 12.
92
2 (base 4) to base 7
2
What is 3 (base 8) in base 7?
3
Convert -38 (base 10) to base 2.
-100110
105 (base 9) to base 7
152
Convert 1100 (base 2) to base 6.
20
-2 (base 7) to base 10
-2
Convert -102 (base 3) to base 8.
-13
What is -60 (base 10) in base 7?
-114
1 (base 13) to base 6
1
Convert 3 (base 6) to base 16.
3
-341 (base 5) to base 8
-140
What is 9 (base 13) in base 10?
9
What is -35 (base 15) in base 2?
-110010
-4 (base 9) to base 14
-4
-45 (base 8) to base 14
-29
What is -6 (base 8) in base 5?
-11
Convert 0 (base 10) to base 2.
0
What is -21 (base 12) in base 4?
-121
Convert 28 (base 12) to base 5.
112
Convert 13 (base 11) to base 10.
14
Convert -1 (base 6) to base 14.
-1
Convert -36 (base 8) to base 10.
-30
What is 123 (base 9) in base 4?
1212
What is -102 (base 6) in base 4?
-212
-11 (base 2) to base 4
-3
What is -1110 (base 3) in base 15?
-29
Convert -47 (base 10) to base 3.
-1202
-170 (base 9) to base 4
-2100
Convert -2 (base 10) to base 9.
-2
Convert 29 (base 11) to base 5.
111
Convert -3 (base 15) to base 5.
-3
Convert 11 (base 2) to base 5.
3
Convert -20 (base 16) to base 7.
-44
Convert -102 (base 3) to base 9.
-12
What is -13 (base 14) in base 12?
-15
Convert -12 (base 7) to base 3.
-100
What is -550 (base 8) in base 4?
-11220
Convert 102 (base 4) to base 9.
20
-2 (base 7) to base 16
-2
Convert -12 (base 15) to base 2.
-10001
What is -32 (base 4) in base 12?
-12
What is 10010 (base 2) in base 4?
102
5 (base 15) to base 4
11
-30 (base 12) to base 10
-36
-14 (base 15) to base 12
-17
Convert 552 (base 6) to base 9.
255
3 (base 10) to base 4
3
-3 (base 6) to base 11
-3
2 (base 7) to base 12
2
What is 1232 (base 4) in base 3?
11002
Convert d (base 15) to base 8.
15
2 (base 16) to base 10
2
Convert 0 (base 3) to base 13.
0
213 (base 4) to base 8
47
210 (base 3) to base 5
41
Convert -11 (base 2) to base 15.
-3
Convert 273 (base 8) to base 13.
115
-3 (base 10) to base 14
-3
What is 11001 (base 2) in base 4?
121
Convert -5 (base 7) to base 9.
-5
What is -67 (base 10) in base 11?
-61
2 (base 7) to base 2
10
What is -4 (base 7) in base 9?
-4
What is 8 (base 11) in base 10?
8
Convert 0 (base 3) to base 9.
0
-11 (base 7) to base 3
-22
What is 102 (base 3) in base 14?
b
1 (base 11) to base 16
1
Convert -21 (base 6) to base 16.
-d
What is 2 (base 5) in base 15?
2
What is -61 (base 9) in base 2?
-110111
77 (base 12) to base 3
10101
11 (base 12) to base 5
23
What is 101 (base 2) in base 5?
10
What is -1100000 (base 2) in base 9?
-116
Convert -59 (base 15) to base 4.
-1110
10011001 (base 2) to base 7
306
4 (base 11) to base 6
4
What is 17 (base 8) in base 12?
13
-7 (base 9) to base 10
-7
What is 21 (base 14) in base 7?
41
-13 (base 8) to base 4
-23
Convert 207 (base 8) to base 14.
99
24 (base 11) to base 9
28
What is 11111 (base 2) in base 9?
34
a (base 14) to base 15
a
3 (base 8) to base 7
3
What is -1021 (base 3) in base 2?
-100010
-14 (base 9) to base 10
-13
Convert -10110100 (base 2) to base 16.
-b4
Convert -1110 (base 2) to base 13.
-11
Convert 2 (base 9) to base 13.
2
Convert 7 (base 16) to base 11.
7
-b (base 16) to base 13
-b
Convert -22 (base 3) to base 2.
-1000
Convert 2 (base 14) to base 4.
2
10 (base 2) to base 4
2
-223 (base 7) to base 14
-83
0 (base 15) to base 16
0
What is 12 (base 6) in base 4?
20
Convert -11 (base 5) to base 6.
-10
What is -193 (base 12) in base 13?
-168
Convert -154 (base 7) to base 4.
-1120
Convert -3 (base 12) to base 7.
-3
What is 201 (base 4) in base 14?
25
What is b5 (base 16) in base 4?
2311
Convert -5 (base 7) to base 10.
-5
What is 8 (base 12) in base 10?
8
What is 4 (base 5) in base 13?
4
Convert -c (base 14) to base 3.
-110
What is 89 (base 13) in base 11?
a3
Convert 2 (base 4) to base 10.
2
-2 (base 16) to base 15
-2
What is 11 (base 5) in base 13?
6
Convert -3 (base 5) to base 10.
-3
Convert -3 (base 12) to base 7.
-3
13 (base 5) to base 16
8
-221 (base 4) to base 7
-56
What is 16 (base 9) in ba